3, 5, 47
What are the prime factors of 5605836?
2, 3, 19, 23, 1069
What are the prime factors of 915501?
3, 17, 29, 619
List the prime factors of 1219304.
2, 173, 881
List the prime factors of 910825.
5, 36433
List the prime factors of 4508688.
2, 3, 29, 41, 79
List the prime factors of 3977083.
11, 31, 107, 109
What are the prime factors of 7256089?
7256089
What are the prime factors of 35842331?
7, 5120333
List the prime factors of 1115129.
19, 3089
List the prime factors of 634954.
2, 73, 4349
List the prime factors of 539120.
2, 5, 23, 293
List the prime factors of 1045575.
3, 5, 1549
List the prime factors of 1183553.
7, 169079
What are the prime factors of 432267?
3, 11, 13099
What are the prime factors of 1983463?
1983463
What are the prime factors of 2711827?
2711827
List the prime factors of 455211.
3, 37, 1367
What are the prime factors of 835783?
13, 239, 269
List the prime factors of 5906401.
29, 203669
List the prime factors of 3439765.
5, 7, 23, 4273
List the prime factors of 591277.
17, 34781
List the prime factors of 304481.
304481
What are the prime factors of 2204548?
2, 383, 1439
What are the prime factors of 2011390?
2, 5, 201139
List the prime factors of 3809527.
29, 131363
List the prime factors of 7122633.
3, 7, 339173
What are the prime factors of 784292?
2, 196073
List the prime factors of 1114227.
3, 123803
List the prime factors of 39185564.
2, 11, 229, 3889
What are the prime factors of 642562?
2, 101, 3181
What are the prime factors of 16684341?
3, 5561447
List the prime factors of 23913.
3, 2657
What are the prime factors of 13484277?
3, 971, 1543
What are the prime factors of 345657?
3, 13, 8863
List the prime factors of 601303.
97, 6199
What are the prime factors of 1205875?
5, 11, 877
What are the prime factors of 3599147?
3599147
List the prime factors of 11198641.
1627, 6883
What are the prime factors of 9056435?
5, 1811287
What are the prime factors of 383158?
2, 191579
What are the prime factors of 4157236?
2, 41, 25349
List the prime factors of 123716.
2, 157, 197
List the prime factors of 1927735.
5, 31, 12437
What are the prime factors of 6197747?
1051, 5897
What are the prime factors of 295999?
11, 71, 379
What are the prime factors of 7843160?
2, 5, 13, 15083
What are the prime factors of 1093612?
2, 13, 21031
What are the prime factors of 165512?
2, 17, 1217
List the prime factors of 706577.
167, 4231
What are the prime factors of 219657?
3, 17, 59, 73
What are the prime factors of 210213?
3, 23357
What are the prime factors of 101879?
101879
List the prime factors of 498040.
2, 5, 12451
What are the prime factors of 1463818?
2, 731909
List the prime factors of 1971793.
443, 4451
List the prime factors of 11922918.
2, 3, 7, 19, 67, 223
List the prime factors of 2000413.
2000413
What are the prime factors of 612650?
2, 5, 12253
List the prime factors of 25737.
3, 23, 373
List the prime factors of 542469.
3, 19, 31, 307
What are the prime factors of 952994?
2, 7, 68071
What are the prime factors of 406175?
5, 7, 11, 211
List the prime factors of 65641.
41, 1601
List the prime factors of 12778823.
23, 101, 5501
What are the prime factors of 26376952?
2, 7, 23, 20479
What are the prime factors of 336107?
17, 1163
List the prime factors of 260642.
2, 19
What are the prime factors of 324475?
5, 12979
List the prime factors of 28150828.
2, 7037707
List the prime factors of 511387.
511387
What are the prime factors of 124165?
5, 19, 1307
What are the prime factors of 3715833?
3, 11, 112601
What are the prime factors of 1316848?
2, 13, 487
List the prime factors of 3104816.
2, 11, 13, 23, 59
List the prime factors of 17873842.
2, 7, 137, 9319
List the prime factors of 26522248.
2, 653, 5077
What are the prime factors of 1335151?
127, 10513
List the prime factors of 237234.
2, 3, 19, 2081
What are the prime factors of 2573006?
2, 1286503
What are the prime factors of 1261019?
83, 15193
What are the prime factors of 5804675?
5, 232187
List the prime factors of 4960382.
2, 7, 354313
List the prime factors of 1984011.
3, 47, 14071
List the prime factors of 6052391.
17, 356023
What are the prime factors of 14950618?
2, 31, 293, 823
List the prime factors of 6629714.
2, 7, 13, 73, 499
List the prime factors of 3667684.
2, 19, 48259
What are the prime factors of 2049834?
2, 3, 19, 17981
What are the prime factors of 360520?
2, 5, 9013
What are the prime factors of 284235?
3, 5, 7, 2707
What are the prime factors of 1304276?
2, 43, 7583
List the prime factors of 943420.
2, 5, 43, 1097
What are the prime factors of 57932?
2, 7, 2069
List the prime factors of 2804216.
2, 71, 4937
What are the prime factors of 1002742?
2, 13, 38567
List the prime factors of 245242.
2, 17, 7213
List the prime factors of 647612.
2, 7, 101, 229
What are the prime factors of 961580?
2, 5, 48079
List the prime factors of 1808577.
3, 103, 1951
List the prime factors of 333317.
19, 53, 331
What are the prime factors of 347368?
2, 7, 6203
What are the prime factors of 2167094?
2, 457, 2371
What are the prime factors of 1831271?
13, 140867
What are the prime factors of 7452965?
5, 13, 114661
List the prime factors of 6216618.
2, 3, 71, 14593
What are the prime factors of 3396045?
3, 5, 29, 37, 211
List the prime factors of 312718.
2, 7, 3191
List the prime factors of 186528.
2, 3, 29, 67
What are the prime factors of 46045?
5, 9209
What are the prime factors of 218122?
2, 191, 571
What are the prime factors of 104577?
3, 11, 3169
List the prime factors of 312654.
2, 3, 107, 487
What are the prime factors of 2123074?
2, 53, 20029
What are the prime factors of 4567992?
2, 3, 11, 13
List the prime factors of 235791.
3, 41, 71
What are the prime factors of 8782580?
2, 5, 157, 2797
List the prime factors of 1641572.
2, 410393
List the prime factors of 2042220.
2, 3, 5, 101, 337
List the prime factors of 6300352.
2, 98443
List the prime factors of 2139338.
2, 73, 14653
List the prime factors of 9267426.
2, 3, 7, 24517
What are the prime factors of 5257357?
7, 19, 5647
List the prime factors of 218806.
2, 7, 15629
What are the prime factors of 540397?
11, 13, 3779
What are the prime factors of 331353?
3, 11, 3347
List the prime factors of 4776179.
139, 34361
What are the prime factors of 12232497?
3, 4077499
What are the prime factors of 4609608?
2, 3, 29, 37, 179
List the prime factors of 312670.
2, 5, 31267
List the prime factors of 282687.
3, 94229
What are the prime factors of 9508205?
5, 7, 197
List the prime factors of 4856444.
2, 197, 6163
List the prime factors of 2470197.
3, 823399
What are the prime factors of 354220?
2, 5, 89, 199
List the prime factors of 85403.
41, 2083
What are the prime factors of 76420?
2, 5, 3821
What are the prime factors of 10818323?
10818323
List the prime factors of 343276.
2, 85819
What are the prime factors of 878963?
43, 20441
List the prime factors of 531285.
3, 5, 35419
What are the prime factors of 15726922?
2, 59, 133279
List the prime factors of 4803960.
2, 3, 5, 7, 19, 43
List the prime factors of 18453384.
2, 3, 197, 1301
List the prime factors of 775499.
631, 1229
List the prime factors of 3394655.
5, 11, 31, 181
What are the prime factors of 144521?
13, 11117
List the prime factors of 826058.
2, 53, 7793
What are the prime factors of 16517970?
2, 3, 5, 7, 157, 167
List the prime factors of 2242437.
3, 19, 39341
What are the prime factors of 263307?
3, 11, 79, 101
What are the prime factors of 14546170?
2, 5, 577, 2521
List the prime factors of 243569.
373, 653
List the prime factors of 11104894.
2, 5552447
What are the prime factors of 30399104?
2, 53, 4481
What are the prime factors of 2543753?
2543753
List the prime factors of 697734.
2, 3, 59, 73
What are the prime factors of 4516857?
3, 173, 967
What are the prime factors of 368594?
2, 17, 37, 293
What are the prime factors of 72541?
7, 43, 241
List the prime factors of 77051.
13, 5927
List the prime factors of 10957229.
31, 353459
What are the prime factors of 2954440?
2, 5, 233, 317
What are the prime factors of 748702?
2, 374351
What are the prime factors of 8139734?
2, 4069867
What are the prime factors of 2981416?
2, 372677
List the prime factors of 581289.
3, 193763
What are the prime factors of 1335036?
2, 3, 111253
What are the prime fac